703343 prime?
False
Is 60493 composite?
False
Is 58885 prime?
False
Is 22901 composite?
False
Is 142921 composite?
True
Is 706313 a composite number?
False
Is 1326701 a prime number?
True
Is 59921 a composite number?
False
Is 114439 prime?
False
Is 7993 composite?
False
Is 164129 prime?
False
Is 46049 a prime number?
True
Is 126001 a prime number?
True
Is 3401 composite?
True
Is 8185 a prime number?
False
Is 157459 composite?
True
Is 9901 composite?
False
Is 5807 composite?
False
Is 247123 a prime number?
False
Is 222773 prime?
True
Is 239087 prime?
True
Is 851 a prime number?
False
Is 894039 composite?
True
Is 81083 a composite number?
False
Is 11351 a composite number?
False
Is 459749 a prime number?
True
Is 2053 a prime number?
True
Is 17771 a composite number?
True
Is 31379 composite?
False
Is 234826 a composite number?
True
Is 7141 composite?
True
Is 176367 prime?
False
Is 279397 a composite number?
False
Is 44417 a composite number?
False
Is 9977 composite?
True
Is 114997 a prime number?
True
Is 48629 prime?
False
Is 2879 composite?
False
Is 87157 a composite number?
True
Is 65165 a composite number?
True
Is 485 composite?
True
Is 72251 composite?
False
Is 341269 composite?
False
Is 27689 a composite number?
False
Is 324823 composite?
True
Is 172763 composite?
True
Is 955 composite?
True
Is 16057 a composite number?
False
Is 7747 a prime number?
False
Is 114031 composite?
False
Is 644783 prime?
True
Is 93759 composite?
True
Is 1637 a prime number?
True
Is 537401 a composite number?
False
Is 121639 prime?
False
Is 10709 composite?
False
Is 94261 prime?
True
Is 59783 prime?
False
Is 30507 composite?
True
Is 709301 prime?
False
Is 91909 a composite number?
False
Is 11581 a composite number?
True
Is 528559 composite?
False
Is 68993 a prime number?
True
Is 150737 composite?
True
Is 16309 composite?
True
Is 168227 a composite number?
False
Is 10747 prime?
False
Is 16493 a composite number?
False
Is 424997 a composite number?
False
Is 21997 a prime number?
True
Is 4513 a prime number?
True
Is 107507 composite?
False
Is 44537 prime?
True
Is 1075047 a composite number?
True
Is 29221 prime?
True
Is 94533 composite?
True
Is 7039 prime?
True
Is 4933549 a composite number?
False
Is 53241 prime?
False
Is 84359 a composite number?
True
Is 505705 prime?
False
Is 87179 composite?
False
Is 13229 prime?
True
Is 31315 a composite number?
True
Is 259321 a prime number?
True
Is 53477 a prime number?
False
Is 191 a composite number?
False
Is 22667 a composite number?
True
Is 72263 composite?
True
Is 137699 a prime number?
True
Is 18041 composite?
False
Is 9661 prime?
True
Is 1895 a prime number?
False
Is 102793 prime?
True
Is 36353 prime?
True
Is 59331 a prime number?
False
Is 2426 a prime number?
False
Is 282643 prime?
False
Is 1531 a prime number?
True
Is 469 a prime number?
False
Is 512137 composite?
False
Is 5227 prime?
True
Is 31373 a prime number?
False
Is 12311 prime?
False
Is 843 a composite number?
True
Is 1586603 a composite number?
True
Is 108673 a composite number?
True
Is 35951 a prime number?
True
Is 4303 composite?
True
Is 198709 a prime number?
False
Is 3876739 a composite number?
False
Is 7403 prime?
False
Is 78401 a prime number?
True
Is 50459 composite?
False
Is 1042931 composite?
False
Is 25451 composite?
True
Is 22463 composite?
True
Is 43003 a prime number?
True
Is 215329 a composite number?
False
Is 67 composite?
False
Is 5039 composite?
False
Is 4861 prime?
True
Is 106703 prime?
True
Is 185905 composite?
True
Is 307 composite?
False
Is 32863 prime?
False
Is 321591 composite?
True
Is 70367 a composite number?
True
Is 6733 a prime number?
True
Is 22823 a composite number?
True
Is 271253 prime?
True
Is 17177 composite?
True
Is 8927 prime?
False
Is 709649 composite?
False
Is 7439 a composite number?
True
Is 794191 prime?
True
Is 26651 a composite number?
True
Is 3961 a composite number?
True
Is 95639 composite?
True
Is 14101 a prime number?
False
Is 497 a prime number?
False
Is 2942 a prime number?
False
Is 30539 a composite number?
False
Is 28051 composite?
False
Is 10159 a composite number?
False
Is 11443 prime?
True
Is 3064013 composite?
False
Is 99701 composite?
True
Is 3027 a composite number?
True
Is 17707 a composite number?
False
Is 30937 composite?
False
Is 537157 a composite number?
False
Is 36749 a composite number?
False
Is 29499 prime?
False
Is 37441 composite?
False
Is 1709443 a composite number?
False
Is 8923 a prime number?
True
Is 385261 a prime number?
True
Is 1483 a composite number?
False
Is 1523 a composite number?
False
Is 85793 composite?
False
Is 250637 a composite number?
True
Is 4369 prime?
False
Is 17377 a composite number?
False
Is 61781 a prime number?
True
Is 402299 a prime number?
True
Is 317887 composite?
False
Is 31677 a composite number?
True
Is 350377 a composite number?
False
Is 124259 composite?
True
Is 192119 prime?
False
Is 212203 composite?
False
Is 22105 prime?
False
Is 8491 composite?
True
Is 94735 prime?
False
Is 3491 prime?
True
Is 8849 a composite number?
False
Is 28979 a composite number?
False
Is 10301 a prime number?
True
Is 8051 a composite number?
True
Is 492643 a prime number?
False
Is 480927 composite?
True
Is 46489 composite?
False
Is 489529 composite?
False
Is 3103 prime?
False
Is 7247 prime?
True
Is 16291 prime?
False
Is 3133 composite?
True
Is 525757 prime?
False
Is 7039 a prime number?
True
Is 27182 a prime number?
False
Is 11959 composite?
False
Is 880079 composite?
True
Is 14813 prime?
True
Is 263639 a prime number?
False
Is 650729 a composite number?
True
Is 10529 composite?
False
Is 620731 prime?
True
Is 24071 composite?
False
Is 7451 a prime number?
True
Is 57499 composite?
True
Is 256713 a composite number?
True
Is 104117 composite?
True
Is 27361 composite?
False
Is 41651 a composite number?
False
Is 38887 a prime number?
False
Is 8417 a composite number?
True
Is 16879 a composite number?
False
Is 18587 a prime number?
True
Is 115679 composite?
False
Is 63177 prime?
False
Is 9029 prime?
True
Is 1230971 a composite number?
True
Is 16519 a composite number?
False
Is 3307 prime?
True
Is 1115 a prime number?
False
Is 303257 a prime number?
True
Is 23719 prime?
True
Is 273833 prime?
False
Is 213307 a composite number?
False
Is 202049 prime?
True
Is 54187 composite?
True
Is 94879 a prime number?
False
Is 87211 prime?
True
Is 12499 prime?
False
Is 68095 a composite number?
True
Is 48053 a prime number?
False
Is 308777 prime?
False
Is 157393 a prime number?
True
Is 90311 a composite number?
True
Is 21711 a prime number?
False
Is 13523 a composite number?
False
Is 16387 a composite number?
True
Is 255071 prime?
True
Is 639713 composite?
False
Is 42337 composite?
False
Is 1759 a prime number?
True
Is 835789 prime?
True
Is 464843 a composite number?
False
Is 52771 a prime number?
False
Is 2321 prime?
False
Is 2098303 a prime number?
False
Is 2285131 prime?
True
Is 44503 prime?
False
Is 140317 composite?
False
Is 3037 prime?
True
Is 33539 a composite number?
True
Is 98818 composite?
True
Is 1983466 composite?
True
Is 72421 prime?
True
Is 682277 prime?
True
Is 12053 prime?
False
Is 1255 a prime number?
False
Is 74417 a prime number?
False
Is 347099 prime?
True
Is 16403 a prime number?
False
Is 5639 a prime number?
True
Is 1437789 a composite number?
True
Is 13173 prime?
False
Is 25706 a prime number?
False
Is 14591 prime?
True
Is 12853 a prime number?
True
Is 117893 a composite number?
True
Is 15699 composite?
True
Is 77377 composite?
False
Is 5171 a prime number?
True
Is 407 a prime number?
False
Is 313195 a prime number?
False
Is 455191 a composite number?
True
Is 3847 prime?
True
Is 82879 a prime number?
False
Is 1343 composite?
True
Is 11333 prime?
False
Is 584083 composite?
True
Is 1357737 a prime number?
False
Is 26161 a composite number?
False
Is 3613 a composite number?
False
Is 796247 a prime number?
True
Is 48751 prime?
True
Is 77853 prime?
False
Is 31441 prime?
False
Is 2899 a composite number?
True
Is 241529 a composite number?
True
Is 130927 composite?
False
Is 98495 a composite number?
True
Is 6779 prime?
True
Is 128339 composite?
False
Is 56063 composite?
True
Is 10489 a composite number?
True
Is 291053 a composite number?
True
Is 3151 prime?
False
Is 958 composite?
True
